= 5*h - 160, -5*h - 20 = 0. Let n = -25 - k. Let x = -5 + n. What are the prime factors of x?
2, 3
Let h = 21 + -15. Suppose 0 = 5*k - 14 - 11. Suppose -h*y + 20 = -k*y. What are the prime factors of y?
2, 5
Let w(m) = m**2 + m - 27. What are the prime factors of w(8)?
3, 5
Let k(l) = -2*l + 8. Let v be k(6). Let x(o) = -48*o + 9. Let m(b) = 6*b - 1. Let z(d) = -33*m(d) - 4*x(d). List the prime factors of z(v).
3, 7
Let c(o) be the third derivative of o**6/120 - o**4/24 + 17*o**3/6 - 2*o**2. Let p be c(0). Let v = p - 10. What are the prime factors of v?
7
Let i = -7 - -7. Suppose i*n + 4*n - 12 = 0. Suppose -n*v + 39 = -3*u, 3*v = v + 5*u + 35. List the prime factors of v.
2, 5
Let q be (1 + -76)*4/6. Let c = 31 - 60. Let y = c - q. What are the prime factors of y?
3, 7
Suppose -4*d = -3*d - 74. List the prime factors of d.
2, 37
Let d(v) = v**2 - 5*v - 5. Suppose k - 4*z = 27, -2 = 3*k + 5*z + 2. List the prime factors of d(k).
3
Let a(t) = 2*t - 8. Let c(q) = q + 2. Let d be c(5). Let p be a(d). Let s = 9 - p. List the prime factors of s.
3
Let k(g) = g - 3. Suppose 3*y + 0*y - 15 = 0. List the prime factors of k(y).
2
Let b(z) = -z + 2. List the prime factors of b(0).
2
Suppose 5*l = -n + 3*n - 26, 4*l - 8 = -2*n. Let x be (2 - 2) + 1 - n. Let g = -2 - x. List the prime factors of g.
5
Let l(g) = 2*g**2 - 2*g + 2. List the prime factors of l(-4).
2, 3, 7
List the prime factors of 0 - (48/30)/((-6)/285).
2, 19
Suppose 4*a - 17 = -1. Suppose 0*l = a*l - 216. Suppose -l = -3*q + 5*y, 4*q = 3*y - 6*y + 43. What are the prime factors of q?
13
Suppose -l + 5*p = 37, 7*l - 4*l - 3*p + 159 = 0. Let i = l + 83. What are the prime factors of i?
2, 13
Suppose -5*h + h - 4 = 0. Let s be ((-30)/(-12))/(h/(-2)). Suppose 5*j + 5 = 0, -3*j - 16 = s*w - 93. What are the prime factors of w?
2
What are the prime factors of 2/9 + 2065/63?
3, 11
What are the prime factors of 0/(-1 - 0) - -78?
2, 3, 13
Let p = -709 + 1085. List the prime factors of p.
2, 47
Suppose -2 = -5*d + 4*s, -3*d + s + 3 = -2*s. Let c = -2 - d. Let j = c + 9. What are the prime factors of j?
3
Let p = 61 + 55. List the prime factors of p.
2, 29
Let m(a) = -a + 8. Let q be m(6). Suppose 0 = -4*p + q*p + 10. What are the prime factors of p?
5
Let k = 30 + -7. Suppose 5*u = -y + 115, u + y = -0*y + k. What are the prime factors of u?
23
Let k = 480 + -320. List the prime factors of k.
2, 5
Suppose 0 = -4*c + 3*h + 2*h - 49, -68 = 5*c - 4*h. Let q = 37 + c. What are the prime factors of q?
3, 7
Let z(w) = 5*w. Suppose 4*a - 41 + 1 = 0. Suppose 0 = -0*y - 2*y + 4, 3*y = -4*u + a. List the prime factors of z(u).
5
Let x be 3/(-9)*(-42 - -3). Suppose s - x - 8 = 0. Let n = s - 15. List the prime factors of n.
2, 3
Let j = 36 + 13. What are the prime factors of j?
7
Let q = 8 + -6. Suppose 2*j - 76 = q*a + a, 5*j - 156 = -a. What are the prime factors of j?
2
Let v(g) = -g**3 + 3*g**2 - 3*g. Let x be v(2). List the prime factors of 6 - (x + 0 + 4).
2
Let m(b) = -b**3 - 4*b**2 + b - 9. What are the prime factors of m(-5)?
11
Suppose -170 + 45 = 5*i. Let a be (-10)/i - 696/(-10). Suppose 3*j = -5*q + a, 1 = 4*j + 5*q - 89. List the prime factors of j.
2, 5
Let g = -2 + 4. Suppose -3*l = 5*m + 2*l - 20, -g*l = 5*m - 20. Let x(k) = k**3 - 3*k**2 - 4*k + 5. List the prime factors of x(m).
5
Let b(j) = -5*j. Suppose -39 = -5*o - 4. Suppose -m - 2*i = 4*m + o, -4*m - 4*i - 8 = 0. List the prime factors of b(m).
5
Suppose -2*x = -x - d + 2, 0 = -3*x - d + 10. Suppose x*u = -2*h - u - 35, -2*u = 5*h + 71. Let m = h + 25. List the prime factors of m.
2, 3
Suppose 121 = 5*v - 99. List the prime factors of v.
2, 11
Suppose -5*b = -2*y + 28, -4*b - 11 = -3*b + 5*y. Let l(n) = n**2 + 3*n - 1. Let f(h) = -1. Let i(j) = -3*f(j) + l(j). List the prime factors of i(b).
2, 5
Suppose -4*z + 55 = 23. Suppose -2*m + 4*f - z = 0, 3*m + 3*f + 8 = 32. Suppose -m*w = 20, 4*d + 4*w - 20 = -d. List the prime factors of d.
2
Let s be (3 - 1)*20/8. Suppose s*n - 105 = 2*n. What are the prime factors of n?
5, 7
Let i(c) = -c**3 - 4*c**2 + 7*c + 19. What are the prime factors of i(-6)?
7
Let s(h) = -h**3 + 7*h**2 - 4*h - 1. Let p be s(6). Suppose -2*g + g = -p. What are the prime factors of g?
11
List the prime factors of 38/4*(2 + 0).
19
Suppose 3*l + 0*n = -n + 7, n = -l + 1. List the prime factors of ((-28)/3)/((-2)/l).
2, 7
Let u(c) = c**3 - 6*c**2 - c + 6. Let w be u(6). Let b = -4 - w. Let r(d) = d**3 + 5*d**2 - 5. What are the prime factors of r(b)?
11
Let m be ((-16)/(-6))/(10/(-30)). Let r = 9 + -6. Let q = r - m. List the prime factors of q.
11
Let g(h) = -h**2 - 9*h + 9. What are the prime factors of g(-8)?
17
Let b(s) = -16*s + 26. Let v(w) = 3*w - 5. Let l(o) = -6*b(o) - 33*v(o). List the prime factors of l(-8).
3, 11
Let a = -25 - -44. What are the prime factors of a?
19
Let s be 7 + -4 - (-1)/(-1). Suppose -3*o = -4*h - 191, 5*h = 5*o - s*o - 193. Suppose -3*q = 3*m - 12, 2*m - 7*m = -4*q + o. What are the prime factors of q?
3
Let h = 222 - 148. What are the prime factors of h?
2, 37
Let x(t) be the second derivative of -t**4/24 + 2*t**3 + t**2 - 2*t. Let y(b) be the first derivative of x(b). List the prime factors of y(0).
2, 3
Suppose -7*i + 5*i = 0. Suppose 2*z - 3*c = 5, i = -4*z - z - 5*c + 75. What are the prime factors of z?
2, 5
Suppose -2*z = 7 - 333. List the prime factors of z.
163
Suppose 5*n - 546 = 3*a, -104 = -n - 0*a - 2*a. Suppose 3*m = 6*m - n. Suppose -2*d + m = d. What are the prime factors of d?
2, 3
Suppose 5*f = f. Suppose f = -p - 2*p + 3*v + 27, -4*v = 4*p - 28. What are the prime factors of p?
2
Suppose 5*n + 0*n + 100 = 0. Let p = 43 + n. Suppose 4 = -k + p. List the prime factors of k.
19
Let b = -26 + 39. Suppose 10 = s - b. List the prime factors of s.
23
Let d(r) = 3*r**3 + 5*r - 5. List the prime factors of d(2).
29
Suppose -2*q + 4*k - 66 = 0, -q + 63 = -3*q + 3*k. List the prime factors of ((-24)/9)/(6/q).
2, 3
Let n = 23 + -18. Let l be 2/(-7) - (-9)/7. Suppose -n*v + l + 4 = -2*t, 5 = 4*t - 5*v. List the prime factors of t.
5
Let c be 4/(-14) + 296/7. Let l be (-1)/(-5) - (-1)/(-5). Suppose l = -5*j - 25, j - c = 5*n - 127. List the prime factors of n.
2
Suppose 3*d - 579 = -3*w, -2*w - 32 = 3*d - 418. List the prime factors of w.
193
Suppose 0 = -l + 2*o + 3, -o - 4*o = 2*l - 15. Let h = l - -1. List the prime factors of h.
2, 3
Let m(j) be the first derivative of -j**3/3 - 5*j**2/2 - 6*j - 1. Let w be m(-5). List the prime factors of 9 - 3*w/(-9).
7
Let g(v) = 4*v**2 - 12*v + 56. What are the prime factors of g(10)?
2, 3, 7
Let a(n) = 6*n**3 - n**2. Let x be a(-1). Let f = 2 - x. List the prime factors of f.
3
Suppose 11 = -n + 4. Let b = n - -12. Suppose -40 = -0*s - b*s. What are the prime factors of s?
2
Let t be ((-4)/10)/((-2)/10). Let v be t + 3/((-9)/(-6)). Let p(s) = 2*s + 3. List the prime factors of p(v).
11
Let p(s) = 3*s + 9. What are the prime factors of p(5)?
2, 3
Let n(c) = -c**3 - 5*c**2 - 3*c + 2. Suppose 6 = r + 11. What are the prime factors of n(r)?
17
What are the prime factors of 1/1 + 68 - 2?
67
Let d(y) = 5*y**2 - 2*y - 1. Let u be d(-1). Let v be u*(0 + 3/6). Suppose -29 = -v*s + 3*x + 25, -5*x = 5*s - 40. List the prime factors of s.
13
Let n(p) be the first derivative of -p**4/4 - 7*p**3/3 - p**2/2 + 6*p + 1. What are the prime factors of n(-7)?
13
Suppose -5*f - 3 = -3*z, 5*z = 3*f - 7 - 4. Let p = z + 6. What are the prime factors of p?
2
Suppose -2*b - 5 = 13. Let n be ((-6)/9)/(3/b). Suppose -7 = -n*l + l. List the prime factors of l.
7
Let a(o) = o - 2. Let r be a(8). Suppose -2*q + 4*q + 4*h = -r, 5*h = -5*q. List the prime factors of q.
3
Let r(h) be the third derivative of h**6/120 - h**5/15 + h**4/6 - h**3 - 5*h**2. Let u be ((-4)/1)/(-1*1). List the prime factors of r(u).
2, 5
What are the prime factors of 10/3*(5 - -1)?
2, 5
Suppose -4*t = -2*x - 2*x + 28, -31 = -3*x + 5*t. Suppose 5 = x*d - d. Suppose -w = -d*w + 12. List the prime factors of w.
3
Suppose 5*v + 24 = 4*u - 18, -2*v = -5*u + 44. Let d(i) = -i**2 + 10*i. List the prime factors of d(u).
2
Suppose 2*j = 3*g - 371, g - 2*j - 3*j = 115. List the prime factors of g.
5
Suppose -4*o = 5*k + 20, -k - 25 = 8*o - 3*o. Suppose -44 = -5*f - 4*d, -4*f - 4*d + 2*d + 40 = k. What a